) prime?
False
Suppose -q - 8100 = -b, -2*q = -4*b + 5*b - 8103. Is b prime?
True
Let x(p) = 56 - 20 + 25*p + 23 + 11*p**2 + 22*p. Let w(u) = 4*u**2 + 16*u + 20. Let b(s) = -8*w(s) + 3*x(s). Is b(-14) composite?
False
Let v(t) be the first derivative of 247*t**2/2 - 8*t + 1. Is v(3) a prime number?
True
Is (6 + 17517 - -2) + -4 a composite number?
True
Is (-335279*40/(-700))/(2/5) composite?
True
Suppose -4*a = 2*r - 66, a - 19 = -3*r - 0. Is 4/a*4 + 1291 - -1 prime?
False
Let b = -5557 - -8146. Let q = b + -968. Is q a composite number?
False
Let o = -4647 + 13586. Is o a prime number?
False
Let f = -161 + 493. Suppose -51*m - 2360 = -31*m. Let o = f + m. Is o prime?
False
Suppose 0 = -5*l - 2*q + 277, -21 = -3*l - 2*q + 146. Let p = 159 + l. Suppose -814 = -4*h + p. Is h composite?
False
Let r(i) = 2*i + 4. Let v be r(0). Suppose 0*s + s = 5*f + 53, 0 = -v*s - 3*f + 212. Is s composite?
False
Suppose -4320 = -2*j - 82. Is j prime?
False
Suppose 0 = 2*h - 12 - 56. Let s = h - 13. Is s a prime number?
False
Let r be 26/(-39) - 2/6. Let z(i) = -303*i**2 - i. Let d be z(r). Let b = -145 - d. Is b a composite number?
False
Suppose 2*n - 42105 = -5*i, -9*i + 12*i = -2*n + 25267. Is i prime?
True
Suppose -68154 = 10*u - 172984. Is u a prime number?
False
Let f = 391 - 387. Let q(z) be the first derivative of 5*z**4/2 - z**3 - z**2 - z - 1. Is q(f) a prime number?
False
Suppose -3*f + 28243 = 4*o, 9998 - 2966 = o - 5*f. Is o prime?
True
Let u = 12 + -12. Suppose u = -w + 5*w + 8. Is 111 + w + 1 + 1 a composite number?
True
Let q(n) = -392*n**2 + 6*n + 383*n**2 - n**3 - 9 + 11*n. Is q(-16) composite?
False
Let c(b) = -199*b + 80. Is c(-7) a composite number?
True
Is (106/8)/(83/131804) a prime number?
False
Let d = 145 - 144. Is (-794*1/(-2))/d a composite number?
False
Let n(m) = m - 19. Let g be n(8). Let j = 16 + g. Suppose -4*p - 203 = -j*l, 2*l - 175 = -2*l - p. Is l prime?
True
Is (-116104)/(-8)*4*5/20 a prime number?
False
Suppose -5*z = -20, -686 = -5*p - z + 138. Suppose p = 5*y - 4*s, -2*y - s + 69 = -6*s. Let x = 53 - y. Is x a prime number?
False
Let y = -10992 - -24929. Let f = -8406 + y. Is f a composite number?
False
Suppose -2*q + 4*q = 1150. Let t = -277 + q. Is t a prime number?
False
Suppose 0 = -3*j + 5*o, 2*j + o = -2*o + 19. Let r be (5 - (-1 - -4)) + 3617. Suppose j*w - 4*s - r = 2*w, 3*s - 4817 = -4*w. Is w prime?
False
Let x(o) = 43*o**2 + 2*o - 137. Is x(16) a prime number?
True
Let z(u) = 65*u**2 - 6*u - 50. Suppose 3*q - 7*q + 32 = -2*t, 3*q - 3 = -2*t. Is z(t) prime?
False
Suppose -x + 1145 = -786. Is x a prime number?
True
Let h(q) = 102*q + 3. Let t = -3 + 1. Let z(j) = -j - 1. Let o(u) = t*z(u) - h(u). Is o(-2) prime?
True
Let z(w) = -249*w**3 + 3*w**2 + 9*w + 7. Is z(-2) a prime number?
True
Suppose -5*z = -4*c - 572, 8*z - 586 = 3*z - 3*c. Let f = z + -67. Is f prime?
False
Let o be -4 - -1 - (3 + -7). Let q be -1 - 334*o/(-2). Suppose -2*n - q = -4*n. Is n a prime number?
True
Let i(p) = -15*p + 11. Let r be -8*(55/10 - 4). Is i(r) a prime number?
True
Let d(z) = z**3 - 5*z**2 - 2*z + 20. Let j be d(5). Suppose 0 = j*t - 4*t - 2226. Is t composite?
True
Let l = 133 - 135. Let d = 157 + 179. Is (d + -10)*(-1)/l a prime number?
True
Is -5 + 9/(27/25464) a prime number?
False
Suppose 22*f - 16*f - 39378 = 0. Is f a composite number?
False
Let q(u) = -u**3 + 1452. Let r be q(0). Let y = 2083 - r. Is y a prime number?
True
Suppose 85527 = 4*t - 2*s - 71503, 196280 = 5*t + 5*s. Is t a prime number?
False
Let r(s) = s**3 + 2*s**2 - 3*s + 2. Let c = -16 + 13. Let t be r(c). Suppose -2*b + 5*u = -264, t*b - 246 = -0*b - 4*u. Is b composite?
False
Let z(f) = 31*f**2 + 10*f + 65. Is z(-10) prime?
False
Let b = 1786 - 4258. Let g = b + 5081. Is g prime?
True
Let u(c) = -18*c + 13. Let b(z) = 19*z - 13. Let w(q) = -7*b(q) - 6*u(q). Let g be w(-10). Suppose 12*l = 13*l - g. Is l composite?
False
Let d = -5 + 7. Suppose -d*o = 0, 0 = -2*j - 3*o - o + 92. Is j prime?
False
Let w be (-2)/(-2) - -1 - -341. Suppose g = -0*g + 500. Let m = g - w. Is m prime?
True
Let x(h) = 682*h + 29. Is x(7) a prime number?
False
Let m be 317*12/(6 - 2). Let o = m - 538. Let k = o - 292. Is k prime?
False
Is (-5 - -7) + 6*(-2151)/(-6) prime?
True
Let t be 2/(-3 - (-3433)/1145). Let f = 1637 + t. Suppose k - 2*w = 4*k - f, -839 = -5*k + 3*w. Is k composite?
True
Let s(v) = 3*v - 5*v + v**3 + 5*v**2 - 4 + 0*v + 3*v. Is s(5) a prime number?
True
Let p be 1/10*2 + 60/75. Let s(g) = 850*g**2 - 3*g + 2. Is s(p) a composite number?
True
Let g(i) = 23109*i - 16. Is g(1) composite?
True
Suppose -5*w + 2*r - 502 = 0, 5*r + 16 = -4. Let p = w - -655. Is p a prime number?
False
Let f(x) = -27*x**3 + 24*x**2 + 30*x + 4. Is f(-15) composite?
False
Suppose -h + 2*q - 185 + 46408 = 0, -3*h - 2*q = -138701. Is h prime?
False
Let d = -11167 - -33590. Is d a composite number?
True
Let n = 21 + -12. Let v(c) = c**3 + c**2 - c + 1. Let i(f) = -f**3 - 12*f**2 + 10*f + 4. Let t(m) = -i(m) - 2*v(m). Is t(n) composite?
False
Let a = -9 + 23. Is a/(4 - 162/41) composite?
True
Let s = -5235 - -2639. Let n = 1458 + s. Is 7/(-28) - n/8 a composite number?
True
Let i(o) = -o**3 + 3*o**2 - 1. Let m be i(2). Suppose g - 19 = m*r, r = 5*g - 6 - 19. Suppose -4*d - z + 986 = 0, -g*d = -3*z - 328 - 666. Is d prime?
False
Suppose 2*c - 2*h = 366, -4*h + 66 + 92 = c. Is c prime?
False
Is 0 + 8932/12 - (-26)/39 composite?
True
Suppose 4*d - 282 = -b, -5*b = -d - b + 62. Let i be 836/5 - 14/d. Let x = 454 - i. Is x a prime number?
False
Let k(r) = -r**3 + 4*r**2 + 5*r. Let z(b) = -b**3 + 5*b**2 + 6*b + 1. Let d(n) = 4*k(n) - 5*z(n). Suppose 57 = 4*g + 13. Is d(g) composite?
False
Let k = 16 - 16. Let t be 1/(-1) + 0 + 3. Suppose k*v + 68 = t*v. Is v a prime number?
False
Let r(o) = 51*o**2 - 5*o + 1. Let f be r(4). Suppose 2*p = p + f. Is p a composite number?
False
Suppose -9*k = -14*k + 10. Suppose s - 1365 = -b, k*s - 3*b = 3*s - 1369. Is s composite?
True
Suppose v - 6*h + 3*h + 8 = 0, 0 = -v - 5*h + 24. Suppose -v*i - i = -10. Suppose -221 = -3*j + i*j. Is j a prime number?
False
Let m(s) = -520*s**3 + s**2 - 8*s - 26. Is m(-3) a prime number?
False
Suppose -14 = -4*d - 54. Let r = d + 8. Is r - -4 - (-4290)/10 a composite number?
False
Suppose l = -2*p + 1365, -4*l - 5*p + 7*p + 5420 = 0. Is l prime?
False
Suppose -7*l = 2*y - 4*l + 1, y + 4*l + 8 = 0. Suppose -4*v = -0*v - y*u - 816, 4*u - 189 = -v. Is v a prime number?
False
Let h(m) = m**2 - 7*m - 5. Let c be h(8). Suppose -g - c*g = -3*d + 38, -2*d - 5*g = 13. Suppose d*z + 1443 = 9*z. Is z prime?
False
Let j(u) = -6*u + 1 + 3*u - u**3 - 7*u - 7*u**2. Let w be j(-7). Suppose 0 = -2*i + 31 + w. Is i a composite number?
True
Suppose 14*b - 6158 = 3488. Is b prime?
False
Suppose 4*d = -5*z, -2*z = 2*z + 3*d - 1. Suppose 5*t - 5 = z*t. Let s(l) = 2*l**3 - 2*l**2 + 8*l - 5. Is s(t) prime?
False
Let x = -61 + 66. Suppose -h = x*h - 798. Is h a composite number?
True
Let r be (-3)/(15/(-25) - 0). Let y(p) = 2*p**2 + p - 2. Is y(r) composite?
False
Suppose 46*y = 40*y + 612. Suppose -4*l + 2*b = -194, -5*l + b = -b - 243. Let o = y - l. Is o composite?
False
Let y = 1223 - 252. Is y a composite number?
False
Is (-7 - -137767 - -3) + (8 - 0) composite?
False
Suppose o - 2 = -3*y + 17, -5*o - 65 = -5*y. Let m(z) = 2*z + 3. Let d be m(y). Suppose 8*n - 9*n = -d. Is n a prime number?
True
Let u(n) = 1 - 21*n**2 - 4*n - 2 + n**3 + 28*n**2. Is u(-6) prime?
True
Let h = 13814 + -685. Is h a prime number?
False
Let n = 4 - 0. Let j be (-1)/((n/5)/(-4)). Is (144 - 9) + (j - 1) prime?
True
Let r = -15 - -90. Let q = -41 + r. Suppose -5*g - q + 2259 = 0. Is g prime?
False
Let k(a) = a**3 + 10*a**2 + 4. Let y be k(-10). Suppose 143 = y*s - 3*s. Is s composite?
True
Suppose -2*u = -2*s + 8402, 4*u - 3242 + 24244 = 5*s. Is s prime?
False
Suppose -l + 5*r = 19, r - 2*r - 34 = 4*l. Let f be (108/(-15))/((-2)/35). Is ((-298)/4)/(l/f) a composite number?
True
Let r(s) = -269*s - 71. Is r(-6) a prime number?
True
Let b be (0 + -6)*5/(-3). Let h(d) = -2*d + d**2 + 9 - 4*d + 0*d. Is h(b) prime?
False
Let d(l) = 5*l**2 + 32*l**2 + 11*l + 22 + 38*l**2 - 1. Is d(-4) a composite number?
True
Let i = 377 - 120. Suppose 13*k - i = 12*k. Is k composite?
False
